5875?
True
Does 69 divide 544254274?
False
Is 225 a factor of 65303705?
False
Is 441 a factor of 131483186?
False
Is 132 a factor of 984621264?
True
Is 1188 a factor of 29521846?
False
Is 1092028595 a multiple of 687?
False
Is 481144880 a multiple of 136?
True
Does 20 divide 144041145?
False
Is 2272 a factor of 6012757?
False
Is 45 a factor of 91635?
False
Is 312 a factor of 23823883?
False
Does 22 divide 2101275770?
True
Does 20 divide 5348647?
False
Is 28517636 a multiple of 2534?
True
Does 2 divide 2759989?
False
Is 138 a factor of 4964954?
False
Does 732 divide 380432112?
True
Does 2 divide 70271242?
True
Is 10 a factor of 4625075?
False
Is 366107906 a multiple of 18?
False
Is 887 a factor of 64872519?
True
Is 84854644 a multiple of 14?
True
Is 1607859678 a multiple of 131?
True
Does 628 divide 9236463?
False
Does 13 divide 312939055?
True
Is 232819260 a multiple of 2634?
True
Does 8055 divide 432385975?
False
Does 658 divide 394641856?
False
Is 145911480 a multiple of 1716?
True
Is 1217507907 a multiple of 33?
True
Is 1343072896 a multiple of 675?
False
Is 1755479278 a multiple of 1687?
False
Is 4 a factor of 150640368?
True
Is 1590377166 a multiple of 257?
True
Is 602486830 a multiple of 37?
False
Is 206 a factor of 4147810?
True
Is 20 a factor of 1970194?
False
Is 572 a factor of 86328844?
False
Is 491 a factor of 1062606488?
True
Is 361 a factor of 6288981?
True
Is 5367 a factor of 162092670?
False
Does 1658 divide 66248590?
False
Is 27601348 a multiple of 6?
False
Does 569 divide 700975567?
True
Does 381 divide 217826920?
False
Does 62 divide 35782122?
True
Is 284244340 a multiple of 1377?
False
Is 4644489984 a multiple of 100?
False
Is 305522591 a multiple of 11?
True
Is 15 a factor of 203284620?
True
Does 2014 divide 151497108?
True
Is 10 a factor of 144121520?
True
Is 42 a factor of 47907478?
False
Does 2285 divide 28947134?
False
Does 43 divide 1395946496?
True
Is 33794385 a multiple of 5?
True
Is 558476356 a multiple of 123?
False
Does 70 divide 32036970?
True
Is 63301440 a multiple of 131?
False
Is 57161233 a multiple of 56?
False
Does 297 divide 60154677?
True
Is 94 a factor of 781708912?
False
Is 913 a factor of 8451392?
False
Is 718 a factor of 38171034?
True
Is 403934088 a multiple of 516?
True
Does 80 divide 172967040?
True
Does 518 divide 2126342344?
True
Is 165 a factor of 47993715?
True
Does 17 divide 61031542?
False
Does 1988 divide 1149489432?
True
Is 12 a factor of 147683129?
False
Is 96176424 a multiple of 14?
False
Is 136704824 a multiple of 3772?
True
Is 265777080 a multiple of 58?
False
Does 402 divide 144120959?
False
Is 59 a factor of 69269363?
True
Does 36 divide 6293849?
False
Is 344282700 a multiple of 236?
True
Is 5992 a factor of 1251677241?
False
Is 5016700 a multiple of 425?
True
Is 52591700 a multiple of 35?
True
Is 568 a factor of 18027752?
True
Is 156314596 a multiple of 2014?
True
Does 3221 divide 291357557?
False
Is 1046 a factor of 218964410?
True
Is 5 a factor of 2157037075?
True
Is 9705198 a multiple of 87?
True
Is 1570325 a multiple of 3?
False
Does 3228 divide 1123702308?
True
Is 183696603 a multiple of 1676?
False
Is 5974246 a multiple of 214?
False
Is 330 a factor of 1821836610?
True
Does 204 divide 5693191?
False
Is 104807133 a multiple of 423?
True
Is 1184474371 a multiple of 8600?
False
Does 4298 divide 242381996?
False
Is 387 a factor of 789798481?
False
Does 16 divide 5909596111?
False
Does 8 divide 2139128?
True
Does 2111 divide 627191063?
False
Does 589 divide 23708076?
False
Does 4128 divide 2767757952?
True
Does 788 divide 45477844?
True
Is 2719 a factor of 47773039?
False
Is 127 a factor of 328160060?
False
Is 1340 a factor of 10517874?
False
Is 101912872 a multiple of 1315?
False
Does 15 divide 82933350?
True
Is 10 a factor of 418375513?
False
Is 117422376 a multiple of 2004?
True
Does 63 divide 38998008?
True
Does 232 divide 3930750944?
True
Is 133555539 a multiple of 2972?
False
Is 1677024650 a multiple of 19?
False
Is 6315 a factor of 479226405?
True
Is 9 a factor of 47862185?
False
Does 28 divide 601783?
False
Does 1923 divide 87763059?
False
Does 33 divide 13250391?
True
Does 2995 divide 1145114290?
True
Is 67 a factor of 179447775?
True
Is 117 a factor of 131891175?
True
Is 10 a factor of 57711910?
True
Is 112 a factor of 1322720?
True
Is 1323 a factor of 506222938?
False
Is 223274324 a multiple of 24?
False
Is 187 a factor of 600609?
False
Does 1168 divide 1503945501?
False
Is 87512651 a multiple of 17?
True
Is 55 a factor of 484196310?
False
Is 10187116 a multiple of 19?
True
Is 90 a factor of 290935946?
False
Does 159 divide 40551360?
True
Does 21 divide 17879536?
False
Is 53153289 a multiple of 387?
True
Does 10 divide 6285593540?
True
Is 270419762 a multiple of 79?
False
Does 1515 divide 163565460?
True
Is 349773179 a multiple of 143?
False
Is 89 a factor of 59803?
False
Is 68 a factor of 161376661?
False
Is 217620901 a multiple of 4?
False
Does 463 divide 1419250963?
False
Does 22 divide 46078472?
True
Is 822215944 a multiple of 846?
False
Is 38173105 a multiple of 13?
False
Is 141482660 a multiple of 46?
True
Is 71 a factor of 424508519?
False
Is 29741808 a multiple of 6?
True
Is 1975097846 a multiple of 48?
False
Is 19 a factor of 409352682?
True
Is 638712268 a multiple of 665?
False
Is 2621679334 a multiple of 1909?
True
Is 136 a factor of 419579437?
False
Is 17826776 a multiple of 360?
False
Is 901380780 a multiple of 18?
True
Is 1380479373 a multiple of 819?
True
Is 239 a factor of 648539167?
True
Does 4305 divide 40609065?
True
Does 234 divide 17487990?
True
Does 4 divide 1151391?
False
Does 105 divide 4267747?
False
Does 30 divide 75025920?
True
Is 599 a factor of 6433048?
False
Is 35190000 a multiple of 463?
False
Is 41 a factor of 422976912?
False
Is 5847149 a multiple of 109?
False
Does 248 divide 338531897?
False
Is 226648344 a multiple of 5?
False
Is 85906912 a multiple of 159?
False
Is 114613647 a multiple of 77?
False
Does 15 divide 50703240?
True
Is 3 a factor of 29945151?
True
Is 24 a factor of 7732474?
False
Is 25707478 a multiple of 8?
False
Is 85 a factor of 192508350?
False
Does 77 divide 231477246?
True
Is 210093168 a multiple of 348?
True
Is 17500956 a multiple of 561?
True
Is 17808239 a multiple of 6?
False
Is 840 a factor of 754627440?
True
Is 543 a factor of 260441127?
False
Is 18189920 a multiple of 80?
True
Is 619 a factor of 285930956?
True
Is 6962512 a multiple of 129?
False
Is 24 a factor of 119527032?
True
Does 14 divide 523532254?
True
Does 283 divide 155526893?
False
Is 50 a factor of 13247900?
True
Is 741 a factor of 1759647735?
False
Is 508 a factor of 1498258116?
True
Is 13 a factor of 237178217?
False
Is 35775672 a multiple of 169?
False
Does 83 divide 62639537?
False
Does 290 divide 72114810?
False
Is 938 a factor of 39352852?
True
Is 125 a factor of 4266393?
False
Is 48261889 a multiple of 18?
False
Is 105809760 a multiple of 54?
True
Does 18 divide 75707334?
True
Does 574 divide 2564411900?
False
Is 2 a factor of 366011104?
True
Is 196 a factor of 3475876975?
False
Is 223 a factor of 20756513?
False
Is 11 a factor of 5009127?
False
Is 210 a factor of 81250050?
True
Does 41 divide 349728852?
True
Is 48293700 a multiple of 52?
True
Is 12 a factor of 88448098?
False
Is 95 a factor of 48021360?
True
Does 346 divide 323752200?
True
Does 572 divide 1860144000?
True
Is 792 a factor of 80460615?
False
Is 6095325 a multiple of 67?
True
Does 7 divide 3431596?
True
Is 1549654908 a multiple of 372?
True
Does 7 divide 1098583561?
False
Does 47 divide 22153511?
False
Is 1353 a factor of 13127659?
False
Is 298038475 a multiple of 595?
True
Is 512122625 a multiple of 875?
True
Is 5915565 a multiple of 2?
False
Is 800732573 a multiple of 4961?
False
Does 62 divide 8763452?
True
Is 614 a factor of 73377591?
False
Is 67093950 a multiple of 314?
True
Is 21530159 a multiple of 98?
False
Is 98 a factor of 5415137011?
False
Is 9 a factor of 135391151?
False
Is 325978506 a multiple of 54?
True
Is 26 a factor of 6470083282?
True
Is 116710845 a multiple of 11?
False
Does 74 divide 97366781?
False
Does 11 divide 633865914?
True
Is 285878600 a multiple of 472?
True
Is 92321048 a multiple of 1791?
False
Does 41 divide 97405082?
False
Does 2 divide 2152203